ist the prime factors of (-1917)/(-15) + -1 + (-12)/(-10).
2
What are the prime factors of (0 - -1)/(-3*(-4)/804)?
67
Suppose 0 = 3*s - 4*a - 224, 3*s - 4*a - 236 = -3*a. Suppose -6*o + s = -o. What are the prime factors of o?
2
Suppose 3*d - 9*d = -504. List the prime factors of d.
2, 3, 7
Let o(u) be the third derivative of 2*u**2 + 0 + 0*u - 5/12*u**4 - 3/2*u**3 - 1/60*u**5. List the prime factors of o(-6).
3, 5
Let g(t) = -20*t**3 - t**2 - 2 - 2 + 3 - 2*t. Let s be g(-1). Let u = -14 + s. List the prime factors of u.
2, 3
Suppose -2*b + 92 = -0*b. List the prime factors of b.
2, 23
Suppose -p + 53 = -88. What are the prime factors of p?
3, 47
Suppose -5*j + o + 113 = 0, -3*j + o = -4*j + 25. Let h(w) = -j*w + w + 0*w - 2 + 3. List the prime factors of h(-1).
23
Suppose 0*v + 2 = v. Let l be v - (1 - (3 + -2)). Suppose -l*o - 6*c + 4 = -c, 1 = o + 3*c. What are the prime factors of o?
7
Let p(x) = x**2 + 4*x + 6. Let j be p(-4). Suppose -g = g + j. Let q = g + 5. What are the prime factors of q?
2
Suppose -5 - 5 = 5*w, s = 4*w + 21. Let u(c) = -c**3 + 14*c**2 - 13*c + 8. List the prime factors of u(s).
2
Let t = 9 + -9. Suppose 4*o - 89 = -3*z - t, -4*o - z + 83 = 0. List the prime factors of o.
2, 5
Let l = -5 + 24. Suppose 0 = 2*b + x - l - 23, 2*b - x = 34. What are the prime factors of b?
19
Let l = 17 + -29. Let v = 21 + l. What are the prime factors of v?
3
Let w(x) = -8*x - 2. Suppose 3*o + 8 = 2. What are the prime factors of w(o)?
2, 7
Suppose 0 = -3*w + 3, s - 4*w = -s. Suppose -s*u + 18 = a + a, 0 = -4*a + 2*u + 60. What are the prime factors of a?
13
Suppose -18 = -4*k - 2*o, -3*o + 6*o = 9. List the prime factors of k.
3
What are the prime factors of 7/14 + 38/4?
2, 5
Let h(o) be the second derivative of o**6/90 + o**4/24 + 2*o**3/3 + 4*o. Let r(l) be the second derivative of h(l). What are the prime factors of r(2)?
17
Let v(g) = -g - 5. Let l(h) = 2*h + 8. Let m(k) = -5*l(k) - 8*v(k). List the prime factors of m(-5).
2, 5
Let d = -34 - -71. List the prime factors of d.
37
What are the prime factors of (-1044)/(-60) + (-3)/(-5)?
2, 3
Suppose -4*a + 300 = -0*a. What are the prime factors of a?
3, 5
Suppose -6*c + 28 = -2*c. What are the prime factors of c?
7
Let i = 47 - 17. List the prime factors of i.
2, 3, 5
Let y(a) = a + 2. Let g be y(-2). Suppose -2*d - 3*w - w = -70, 5*d - 2*w - 115 = g. List the prime factors of d.
5
Suppose -3*x = 6 - 63. What are the prime factors of x?
19
Let z(x) = 2*x**2 - 3*x - 2. List the prime factors of z(-5).
3, 7
Suppose 5*z - 24 = 2*s, 5*s - s = -2*z. Suppose 3*u - 5*g = -z*g - 2, 2*u - g + 1 = 0. Let o(k) = -8*k + 1. What are the prime factors of o(u)?
3
Let d = 23 - 11. Suppose 2*z - 4*j - 6 - 4 = 0, 3*j = -d. List the prime factors of (6/z)/((-4)/6).
3
Let h(a) = -8*a - 6. Let p(t) = t + 1. Let n(q) = h(q) + 5*p(q). Let d be n(-1). Suppose d*y - 52 = -2*y. What are the prime factors of y?
13
Suppose -132 = u - 3*u. What are the prime factors of u?
2, 3, 11
Suppose -125 = -5*v + 5*k, -8*v + 2*k + 128 = -3*v. List the prime factors of v.
2, 13
Suppose i = 3*i - 42. Suppose 0 = 3*g - i - 21. List the prime factors of g.
2, 7
Let y(u) = 0*u - u + 4*u. Let d be y(1). Suppose q - 1 + 0 = 2*w, -d*w = -5*q + 40. What are the prime factors of q?
11
Let i be (-2)/3*(-30 - -3). Let f = 9 - i. List the prime factors of 30/(-9)*f/2.
3, 5
Let l = -62 + 127. List the prime factors of l.
5, 13
Let d(g) = -10*g - 4. What are the prime factors of d(-8)?
2, 19
Suppose -7*x = -3*x - 16. Suppose 0*v + 100 = 5*z + x*v, -z = -4*v - 20. Let w = z + -12. List the prime factors of w.
2
Suppose 4*i + d + d = 26, -d - 7 = -2*i. Let w(b) = 14*b**2 + 3*b + 2. Let z be w(-2). Suppose -i*p - 17 + z = 0. What are the prime factors of p?
7
List the prime factors of (-230)/(-5) + 2 + 2.
2, 5
Let q be (3 - (-3 + -2))/2. Suppose 2*t - 32 = -q*v - 12, 4*t + 3*v = 50. What are the prime factors of t?
2, 7
Suppose 1 + 17 = 3*n. Let j(q) = -q**2 + 7*q + 8. What are the prime factors of j(n)?
2, 7
Let l be (12/(-15))/((-4)/10). Let x be (-3)/(-12) + l/(-8). Let k(y) = -y**3 - y**2 - y + 8. What are the prime factors of k(x)?
2
Let v(t) be the second derivative of 10*t**3/3 + 3*t**2/2 + 3*t. What are the prime factors of v(2)?
43
Let k(x) be the first derivative of -5*x**2/2 + 4*x + 3. List the prime factors of k(-3).
19
Suppose 0 = 4*s - 95 - 57. List the prime factors of s.
2, 19
Suppose s - 14 = 4*t - 34, 0 = -5*t - s + 34. Let q = t - -8. What are the prime factors of q?
2, 7
Suppose -8*f + 580 = -4*f. List the prime factors of f/15 + 4/(-6).
3
Suppose 0 = -5*m + 15. Suppose -2*o = m*o - 110. What are the prime factors of o?
2, 11
Suppose c + 3*c - 308 = 0. What are the prime factors of c?
7, 11
Let c be 4 - ((-108)/45)/(6/(-20)). Suppose -3*t + 175 = -20. What are the prime factors of 575/t + c/(-26)?
3
Let t(y) = 11*y**2 + 2*y - 1. Let h be t(1). What are the prime factors of 1/6 - (-190)/h?
2
Let f(a) = a**2 + 2*a - 2. Let i be (-8)/20 - 26/10. Let s be f(i). What are the prime factors of -5*(-2 + (2 - s))?
5
Let u be (-8 - -7)/((-2)/(-18)). What are the prime factors of (27/(-2))/(u/12)?
2, 3
Let z(u) = 2*u**3 - 10*u**2 + 9*u - 1. Let b(y) = 5*y**3 - 21*y**2 + 19*y - 1. Let x = -4 + 1. Let d(l) = x*b(l) + 7*z(l). What are the prime factors of d(-8)?
2, 3
Suppose 0 = -5*l + 4 + 21. Let d(h) = -h - 1. Let u be d(1). List the prime factors of ((-2)/l)/(u/10).
2
Let v be (-21)/9*(-4 - -1). Let l(d) = d**3 - 7*d**2 + 3*d + 4. What are the prime factors of l(v)?
5
Let a = -26 - -45. Let u = 28 - a. Let v(g) = -g**3 + 9*g**2 + 2*g - 10. What are the prime factors of v(u)?
2
Suppose 3*z = 4*c + 207, -z + 39 = -2*c - 30. What are the prime factors of z?
3, 23
Let w(b) = 2*b + 7. Let g be w(-3). What are the prime factors of -6*1/(-2)*g?
3
Let l(c) = -c**3 - 10*c**2 - 2*c - 11. Let u be l(-10). List the prime factors of u/(-6)*(-30)/9.
5
Suppose -2*c = 2*c - 28. What are the prime factors of (-2 + 4)/(2/c)?
7
Suppose 293 + 112 = 3*d. List the prime factors of d.
3, 5
Let y be (36 + 0)*15/9. Let p(s) = -s**2 - 4*s + 5. Let w be p(-4). Suppose w*u = -0*u + y. List the prime factors of u.
2, 3
Suppose -2*z + 1 = -z, o - 180 = -2*z. What are the prime factors of o?
2, 89
Suppose 3 = 4*t - 5. Suppose 0 = t*y - 3*x - 10, 0 = -5*x + x. Suppose y*i - 3*d - 37 = -2*d, 2*d = -4*i + 24. What are the prime factors of i?
7
Let m(a) be the second derivative of 0 + 7*a**2 + 2*a + 3/2*a**3 - 1/12*a**4. What are the prime factors of m(10)?
2
Let f(c) be the first derivative of -c**3/3 + 8*c**2 - 6. List the prime factors of f(14).
2, 7
Let q(t) be the third derivative of t**6/120 - t**5/60 + t**3/6 - 5*t**2. Let h be q(-1). What are the prime factors of h + 0 + 4 + 8?
11
Suppose -4*t = v - 89, 0*t - 3*t = -4*v - 81. Suppose t = -3*q + 4*f, 2*f = 5*q - 2*f + 25. Let o = 5 + q. What are the prime factors of o?
2
Let g = -253 + 388. What are the prime factors of g?
3, 5
Let m = 310 - 221. List the prime factors of m.
89
Let j(u) = 2*u**3 - 5*u**2 - 2*u + 7. What are the prime factors of j(5)?
2, 61
Let k = -223 + 365. What are the prime factors of k?
2, 71
Suppose 3*i - 2*p - 10 = -6*p, 3*i = 5*p + 1. Suppose i*f + 3*f - 130 = 0. List the prime factors of f.
2, 13
Let i = 4 - 1. Suppose -i*r + 4 = -2. What are the prime factors of -18*r*(-3)/12?
3
Let c be (2/1 - 2) + 43. Let t = 47 + -34. Suppose -4*w + c = -t. What are the prime factors of w?
2, 7
What are the prime factors of 9/(-21) + (-297)/(-7)?
2, 3, 7
Let f be 4/34 + 224/119. Let z = 5 + 0. Suppose -l + 2 = 4*b + 3, z*b = -l - f. List the prime factors of l.
3
List the prime factors of 45 + 6 + 1 + 2.
2, 3
Suppose -4*f + 34 = a + 7, 33 = 5*f + a. Suppose 5*b = f + 14. What are the prime factors of b?
2
Suppose -4*g = 5*n + 19, -n - 2*n - 6 = -3*g. Let k be 6/(-3 + 6 + g). List the prime factors of (k/2)/(4/48).
2, 3
Let r(b) = b**2 - 4*b - 8. Let w = -17 - -24. What are the prime factors of r(w)?
13
Let i(a) = 5*a**2 - 3*a - 4. What are the prime factors of i(-3)?
2, 5
Let z be -1 + -1 + (5 - 0). Suppose 3 = -b - z*r, 4*b + 4 = -5*r - 1. What are the prime factors of 8/16*(b - -6)?
3
Let a(l) = 0 + 1 - l - 4. Let v be a(-4). List the prime factors of v - (-5)/((-10)/(-4)).
3
Suppose 0*q - 